late the greatest common divisor of 1000 and 56.
8
What is the greatest common factor of 24 and 44224?
8
What is the highest common divisor of 20 and 531380?
20
Calculate the greatest common divisor of 4804 and 347089.
1201
Calculate the greatest common factor of 26 and 216203.
13
Calculate the highest common factor of 5817 and 483.
21
Calculate the greatest common factor of 80440 and 640.
40
What is the greatest common factor of 6972671 and 349?
349
What is the greatest common divisor of 823 and 2845111?
823
Calculate the greatest common factor of 42559 and 6996.
583
What is the highest common factor of 8048 and 266087?
503
What is the greatest common divisor of 2280 and 876?
12
Calculate the highest common divisor of 371 and 413.
7
Calculate the highest common divisor of 12913560 and 540.
540
What is the greatest common factor of 1577 and 32619?
83
Calculate the highest common factor of 1930867 and 607.
607
What is the greatest common divisor of 553861 and 77?
77
Calculate the greatest common factor of 10276383 and 39.
39
What is the greatest common factor of 399 and 357637?
133
Calculate the highest common divisor of 12639177 and 153.
153
Calculate the highest common divisor of 2666 and 155.
31
What is the greatest common factor of 35 and 11585?
35
What is the greatest common factor of 27 and 2863?
1
Calculate the highest common factor of 10598 and 14.
14
What is the highest common factor of 1616 and 201596?
404
What is the greatest common divisor of 751502 and 136?
34
What is the highest common factor of 9338 and 2146?
58
Calculate the highest common divisor of 463389 and 2241.
249
Calculate the highest common divisor of 250 and 3730.
10
What is the highest common factor of 1200 and 336?
48
What is the highest common factor of 92064 and 84?
84
Calculate the highest common factor of 309932 and 252.
28
Calculate the highest common factor of 301401 and 81.
81
Calculate the highest common factor of 4866 and 24.
6
Calculate the greatest common factor of 3487 and 94466.
317
What is the greatest common divisor of 431 and 377?
1
What is the highest common divisor of 64 and 12256?
32
Calculate the highest common factor of 346152 and 24.
24
Calculate the greatest common factor of 8477763 and 42.
21
What is the highest common divisor of 862451 and 3235?
647
What is the greatest common factor of 884 and 2184?
52
Calculate the highest common divisor of 2126 and 5524411.
1063
What is the highest common divisor of 111 and 933473?
37
What is the greatest common factor of 1895 and 1771067?
379
What is the highest common factor of 676138 and 592?
74
What is the highest common factor of 7 and 194768?
7
Calculate the highest common divisor of 89 and 4704629.
89
What is the highest common divisor of 30310 and 52826?
866
What is the highest common factor of 4 and 502?
2
Calculate the highest common factor of 6464 and 439148.
404
Calculate the greatest common divisor of 469938 and 67.
67
Calculate the highest common divisor of 21090 and 456.
114
Calculate the highest common factor of 18608 and 8464.
16
What is the greatest common factor of 15 and 347595?
15
What is the highest common factor of 192 and 38496?
96
Calculate the greatest common factor of 30 and 72755.
5
Calculate the highest common factor of 1357 and 1829.
59
What is the highest common divisor of 910 and 312270?
70
Calculate the greatest common divisor of 6886299 and 1974.
987
Calculate the highest common factor of 136887 and 5871.
309
Calculate the greatest common divisor of 363 and 40535.
121
Calculate the greatest common divisor of 3264 and 1482944.
1088
What is the highest common factor of 783 and 189?
27
What is the greatest common factor of 10027 and 962?
37
Calculate the highest common factor of 20075 and 23.
1
Calculate the highest common factor of 4216 and 85000.
136
What is the greatest common divisor of 8 and 159704?
8
What is the highest common factor of 8864 and 1120?
32
What is the greatest common divisor of 55 and 106018?
11
Calculate the highest common divisor of 484 and 64284.
44
What is the highest common factor of 11387 and 15340?
59
Calculate the highest common factor of 6239 and 85.
17
What is the highest common divisor of 33 and 21692?
11
What is the greatest common factor of 1887 and 402560?
629
Calculate the greatest common factor of 130052 and 57889.
793
Calculate the greatest common divisor of 808 and 148.
4
What is the highest common divisor of 87651 and 63?
9
What is the highest common divisor of 12186 and 12?
6
What is the greatest common factor of 84422 and 162214?
442
What is the highest common divisor of 12760 and 52580?
220
Calculate the greatest common factor of 8980 and 28170.
10
Calculate the greatest common factor of 763016 and 40.
8
What is the greatest common factor of 65260 and 260?
260
What is the greatest common factor of 3003578 and 82?
82
What is the greatest common divisor of 581 and 20132?
7
What is the highest common divisor of 70 and 1542310?
70
What is the greatest common factor of 4197 and 213?
3
What is the greatest common factor of 181363 and 182?
91
What is the greatest common factor of 5405610 and 42?
42
What is the highest common factor of 92 and 29578?
46
Calculate the greatest common divisor of 101721 and 14637.
123
What is the highest common factor of 2345 and 9246?
67
What is the highest common divisor of 3 and 1699?
1
Calculate the greatest common factor of 9912597 and 219.
219
Calculate the highest common divisor of 6208 and 17504.
32
What is the greatest common divisor of 32786 and 970?
194
Calculate the greatest common divisor of 1747440 and 10.
10
Calculate the greatest common factor of 81227 and 129.
43
What is the highest common factor of 22332 and 2724?
12
What is the greatest common factor of 2000 and 47350?
50
What is the greatest common divisor of 27 and 1136628?
9
Calculate the greatest common factor of 104607 and 9027.
531
Calculate the greatest common factor of 152818 and 654.
218
Calculate the greatest common divisor of 248 and 4880.
8
What is the highest common divisor of 2626 and 8?
2
What is the greatest common divisor of 1467930 and 501?
501
Calculate the highest common divisor of 22577 and 1070.
107
Calculate the highest common factor of 27864 and 1272.
24
Calculate the highest common divisor of 756 and 20580.
84
Calculate the greatest common factor of 452 and 546242.
226
What is the highest common divisor of 860 and 995536?
172
Calculate the greatest common factor of 44 and 30547.
11
Calculate the greatest common factor of 99 and 18447.
33
Calculate the greatest common factor of 8325 and 4329.
333
What is the greatest common divisor of 17 and 20026?
17
What is the highest common divisor of 150 and 9378?
6
What is the highest common divisor of 554764 and 8?
4
What is the highest common factor of 274562 and 34641?
1283
What is the greatest common divisor of 45 and 89735?
5
Calculate the greatest common divisor of 20689 and 68.
17
Calculate the greatest common factor of 1287 and 975.
39
Calculate the highest common divisor of 41216 and 5566.
46
Calculate the highest common factor of 56 and 1168.
8
Calculate the greatest common factor of 3526 and 2378.
82
What is the greatest common factor of 334955 and 1457?
31
What is the greatest common divisor of 695963 and 17?
17
What is the highest common divisor of 15092 and 2772?
308
Calculate the highest common factor of 1008 and 8048.
16
What is the greatest common divisor of 128 and 2251712?
64
What is the highest common factor of 6230 and 910826?
1246
What is the greatest common factor of 3972 and 528?
12
Calculate the highest common factor of 72276 and 1596.
228
What is the highest common divisor of 375 and 8115?
15
What is the greatest common factor of 7917627 and 591?
591
Calculate the greatest common divisor of 7147 and 56.
7
Calculate the highest common divisor of 960 and 2235.
15
What is the greatest common divisor of 146 and 575167?
73
What is the greatest common factor of 14235 and 429?
39
What is the greatest common divisor of 350849 and 2425?
97
Calculate the greatest common factor of 7372 and 3724.
76
What is the highest common divisor of 832 and 69584?
16
Calculate the greatest common factor of 399193 and 37.
37
What is the greatest common factor of 46956 and 819